me factors of g.
5, 103
Let w = 42574 + -35085. List the prime factors of w.
7489
Let r(w) = -w**3 - 91*w**2 - 142*w + 1822. List the prime factors of r(-91).
2, 19, 97
Suppose 0 = l + 2*o - 4586, -5*l + 8*o + 22982 = 5*o. List the prime factors of l.
2, 2297
Let z(w) = 3*w + 24. Let l be z(-8). What are the prime factors of ((-58)/(-6))/(2/96 + l)?
2, 29
Suppose -15*w + 2416 + 134 = 0. List the prime factors of w + (4 - (-2 - -10)).
2, 83
Let o(z) = -49*z - 108. Let m = 142 + -157. What are the prime factors of o(m)?
3, 11, 19
Suppose 3*p - 5*n - 39058 = 0, -9247 = -4*p + 3*n + 42834. What are the prime factors of p?
29, 449
Let g = 307 - -4751. What are the prime factors of g?
2, 3, 281
Let o be (1 + 6 + -5)/1 + 1. What are the prime factors of (-2700)/(-6) - 12/o?
2, 223
Suppose 4*r = 5*k - 18 + 4, 2*k + 22 = -3*r. Let a be (44/r)/((-6)/(-9)). What are the prime factors of (a + 5 - 4)*5/(-1)?
2, 5
Let h(f) = f**2 + 8*f + 15. Let l be h(-8). Suppose 17*i - 784 = l*i. What are the prime factors of i?
2, 7
Suppose 0 = 17*a - 14*a - 48. Suppose -2*n + 4*p = 2*p - a, -12 = -3*n - p. Suppose 4*o = -5*v + 41, -39 = -2*o + 2*v - n. List the prime factors of o.
2, 7
Let b = 31 + 15. Let m = b - 20. List the prime factors of m.
2, 13
Let p(m) = m**3 + 28*m**2 - 14*m - 55. Let g(d) = d**3 - 13*d**2 - 37*d + 77. Let l be g(15). What are the prime factors of p(l)?
337
Let z(y) = -648*y + 4054. List the prime factors of z(-59).
2, 21143
Suppose 0 = -32*u + 184800 + 35432 + 128856. List the prime factors of u.
10909
Let n(p) = 4*p**3 + 2*p**2 + p - 2. Let j be n(1). Suppose m = -j + 198. Let l = -25 + m. What are the prime factors of l?
2, 3, 7
Let b be ((-360)/(-80))/(-1*(-1)/(-218)). Let k = -335 - b. List the prime factors of k.
2, 17, 19
Suppose 0 = -2*n - 65 - 61. Let i = n + 62. List the prime factors of i/(-2)*-2*-139*1.
139
Let r = -28312 + 57089. List the prime factors of r.
7, 4111
Suppose 1 = 2*k - l - 4, 5*k + l = 9. Suppose k*d = -d - 1896. What are the prime factors of d/(-5) + (-4)/10?
2, 3, 7
Let s be (8120/210)/(4/6 + 0). Suppose 55*o + 630 = s*o. What are the prime factors of o?
2, 3, 5, 7
Let h be 280*(-1 - 66/(-30)). Suppose -h*i + 343*i = 2387. List the prime factors of i.
11, 31
Let i(d) = d**2 - 17*d + 78. Let k be i(7). Let u(z) = 55*z + 51. What are the prime factors of u(k)?
491
Let j be -40*(-5 - (-66)/15). List the prime factors of (-3 + j/6)*271.
271
Let w be -2 + 6 + (58 - 4). Let y be (-32)/144 - w/(-18). Suppose y*t - 54 = -p, -p - 43 = 4*t - 101. What are the prime factors of p?
2, 3, 7
Let r be (1/(-3))/(1/(-30)). Suppose -r*b + 3562 = 16*b. What are the prime factors of b?
137
What are the prime factors of 340/(-425)*(-1 - 9)*948?
2, 3, 79
Let i = 42005 + -29494. What are the prime factors of i?
12511
Let u(f) = -2*f + 12. Let m be u(13). Let x(h) = -94*h + 132. What are the prime factors of x(m)?
2, 181
Let f(d) = -933*d + 9564. List the prime factors of f(-56).
2, 3, 17, 101
Suppose 4*c + 30 = t, 10 - 54 = -4*t - 3*c. List the prime factors of (0 + (-1151)/(-5))*(19 - t).
1151
Suppose b = -4*m - 18, 6*b - b - m = -6. Suppose 21 - 85 = -2*f - 4*c, 12 = 3*c. What are the prime factors of (-3235)/(-15) - (b + f/9)?
5, 43
Let w = -60854 - -87770. List the prime factors of w.
2, 3, 2243
Let t = -190 - -446. Suppose 0 = 19*u - 15*u - t. Suppose -u - 381 = -5*l. List the prime factors of l.
89
Suppose -7*d - 160*d = -22*d - 244615. List the prime factors of d.
7, 241
Suppose -2*p + 2*j = -1 - 3, p - 4*j = -1. Suppose p*q - 2*r = -96 + 726, -4*q - 2*r + 826 = 0. Let c = q - 103. What are the prime factors of c?
3, 5, 7
What are the prime factors of (2 + -11)/(4/1*87/(-14384))?
2, 3, 31
What are the prime factors of 8816 - (152/76)/((-2)/(-4))?
2, 2203
Suppose 9*f + 1645 = 4*f + 5*w, 1326 = -4*f + 2*w. Let i = f - -588. List the prime factors of i/7 + 6/(-21).
2, 3
Suppose -2*n + 7020 = -2*p, -29*n + 34*n - 3*p - 17538 = 0. What are the prime factors of n?
2, 3, 73
List the prime factors of -4 + -6 + 15 - -7321.
2, 3, 11, 37
Let a(n) = -18*n**3 - 2*n - 3. Let k be a(-1). Suppose -3751 - 2539 = -k*p. List the prime factors of p.
2, 5, 37
Let v(l) = 126*l - 53. Let y be v(5). List the prime factors of (14/7 - 4) + y.
5, 23
Let g = -288 - -327. Let z = 598 - g. List the prime factors of z.
13, 43
Suppose -2*v = p - 18411, 9*v - 13*v = 4*p - 73656. What are the prime factors of p?
3, 7, 877
Let c(y) = -y**3 - 24*y**2 + 2*y - 18. Let b be c(-24). Let x = b - -70. Suppose x*r - 8*r = -448. What are the prime factors of r?
2, 7
Let w(i) = 20*i + 52. Let u be w(19). Suppose 5*k - 3*k = 3*z + 288, 3*k + 2*z - u = 0. What are the prime factors of k?
2, 3
Let f be (1/(-3))/((-36)/1080). Suppose -11*k + f*k = -443. List the prime factors of k.
443
Let w(b) be the second derivative of -32*b**5/5 - b**4/6 - b**3 - 2*b**2 - 16*b. List the prime factors of w(-1).
2
Let f(p) = 14*p**2 + 24*p - 67. Let w be f(16). Suppose 16*n - 11277 + w = 0. List the prime factors of n.
461
Let f(s) = -466*s + 3. Let o(t) = -t + 1. Let j(l) = -f(l) + 2*o(l). Let h be j(1). Suppose 0 = -5*v + q + 264, -5*v - q = 197 - h. List the prime factors of v.
53
What are the prime factors of 349500/8*((-2288)/(-78))/44?
5, 233
Suppose 4*b + 6*f - 59474 = 0, -5*b + 17*f - 19*f + 74348 = 0. List the prime factors of b.
2, 5, 1487
Let s be (4 + -4 + 0 + 1)*4. Let f be s + -4 + -3 + 5. Suppose 3*x - 218 = -0*x + 5*p, -f = -p. What are the prime factors of x?
2, 19
Let c(f) = -f**2 + 9*f + 26. Let d be c(11). Suppose -2220 - 624 = -d*h. Suppose h = 2*v + 7*v. List the prime factors of v.
79
Suppose 15*y - 24*y = -360. Suppose 0 = -2*u + 182 + y. What are the prime factors of u?
3, 37
Let a = -80727 - -146724. What are the prime factors of a?
3, 7333
What are the prime factors of (8 + -4)/4*-3 + 19991 + -1?
11, 23, 79
Let l(z) = -11*z**2 - 8 + 12*z + 18*z**3 - 21*z**3 + 4*z**3. Suppose 15 - 5 = o. What are the prime factors of l(o)?
2, 3
Let h(k) = 10*k**2 - 52*k - 326. List the prime factors of h(-48).
2, 5, 2521
Suppose 43 = 13*o + 17. Suppose r + 7 + 36 = o*s, -r + 77 = 4*s. List the prime factors of s.
2, 5
List the prime factors of (13335/2)/((-18)/(-48)) - 6.
2, 8887
Let q(s) = 46*s**2 - 3*s + 2. Let u be q(-2). Let v = 471 - u. List the prime factors of v.
3, 31
Let s = -122 + 317. Let l = -30 + s. List the prime factors of l.
3, 5, 11
Let g be 1/(-4) + 148/16. Suppose g*w = 4970 - 101. List the prime factors of w.
541
Suppose 0 = 3*b + 7 - 1, 3*i + 531 = 3*b. Let f = i - -365. List the prime factors of f.
2, 3, 31
Suppose 4*h - 1043 = -5*g + 638, 2*h - 3*g - 813 = 0. Let j = 66 + h. Let z = j + -331. List the prime factors of z.
149
Let p = -217 + 68. Let t = 19 - p. What are the prime factors of t?
2, 3, 7
Suppose -k = 19 - 22. Suppose 13*t - 11*t + 1385 = 5*m, -2*m + 565 = -k*t. What are the prime factors of m?
5, 11
Let l(g) = 1164*g + 5941. What are the prime factors of l(13)?
13, 1621
Suppose 96*f + 181006 = 113*f - 111717. List the prime factors of f.
67, 257
Suppose -5*y + 2538 - 940 = -3*g, -5*y = 10. Let o = 573 - g. List the prime factors of o.
1109
Let t(a) = 4722*a - 161. List the prime factors of t(1).
4561
Let l = 87 + -131. Suppose j - 261 = -4*c, 0*c - 2*j = c - 67. Let m = c + l. What are the prime factors of m?
3, 7
Let c = 139 + -71. Let d = 58 - c. Let l = 26 + d. List the prime factors of l.
2
Suppose 2*t - 2*c - 16 = -5*c, 2*t + 12 = 4*c. List the prime factors of 2 - (513 + t)*(9 + -10).
11, 47
Suppose 6*n = n - b + 1217, -n + 4*b + 256 = 0. Suppose 0 = -4*l - g - n, -5*l + 2*g = -2*g + 326. Let r = l + 188. List the prime factors of r.
2, 3, 7
Let x(m) = -774*m + 860. List the prime factors of x(-37).
2, 7, 43
Suppose 14*z - 477884 = -149860 + 467274. List the prime factors of z.
56807
Suppose 4 - 2 = 2*l. Suppose -3*c - l = -481. Suppose -5*y = -4*p + c, -2*y - y - 80 = -2*p. List the prime factors of p.
2, 5
Suppose 0 = -24*t + 22*t + 46. Suppose -25 = -i - t. Let b(d) = 51*d - 7. What are the prime factors of b(i)?
5, 19
Suppose 121*q - 123*q + 56546 = v, 4*q = v - 56576. What are the prime factors of v?
2, 3, 1571
Suppose s = -q + 84 + 184, -265 = -s + 2*q. Let d = s - 124. What are the prime factors of d?
11, 13
Let y(r) = 4*r - r + 3 